{"id":122,"date":"2024-09-13T09:58:06","date_gmt":"2024-09-13T09:58:06","guid":{"rendered":"https:\/\/nifty-ritchie.176-9-136-151.plesk.page\/?page_id=122"},"modified":"2024-09-13T12:20:53","modified_gmt":"2024-09-13T12:20:53","slug":"politur","status":"publish","type":"page","link":"https:\/\/nifty-ritchie.176-9-136-151.plesk.page\/?page_id=122","title":{"rendered":"Politur"},"content":{"rendered":"\n<div class=\"wp-block-media-text alignfull is-stacked-on-mobile\"><figure class=\"wp-block-media-text__media\"><img loading=\"lazy\" decoding=\"async\" width=\"683\" height=\"1024\" src=\"https:\/\/nifty-ritchie.176-9-136-151.plesk.page\/wp-content\/uploads\/2024\/09\/DSC01229-min-1-683x1024.jpg\" alt=\"\" class=\"wp-image-149 size-full\" srcset=\"https:\/\/nifty-ritchie.176-9-136-151.plesk.page\/wp-content\/uploads\/2024\/09\/DSC01229-min-1-683x1024.jpg 683w, https:\/\/nifty-ritchie.176-9-136-151.plesk.page\/wp-content\/uploads\/2024\/09\/DSC01229-min-1-200x300.jpg 200w, https:\/\/nifty-ritchie.176-9-136-151.plesk.page\/wp-content\/uploads\/2024\/09\/DSC01229-min-1-768x1152.jpg 768w, https:\/\/nifty-ritchie.176-9-136-151.plesk.page\/wp-content\/uploads\/2024\/09\/DSC01229-min-1-1024x1536.jpg 1024w, https:\/\/nifty-ritchie.176-9-136-151.plesk.page\/wp-content\/uploads\/2024\/09\/DSC01229-min-1-1365x2048.jpg 1365w, https:\/\/nifty-ritchie.176-9-136-151.plesk.page\/wp-content\/uploads\/2024\/09\/DSC01229-min-1-scaled.jpg 1707w\" sizes=\"auto, (max-width: 683px) 100vw, 683px\" \/><\/figure><div class=\"wp-block-media-text__content\">\n<h2 class=\"wp-block-heading\">Autopolitur vom Profi<\/h2>\n\n\n\n<p>Ein gepflegter Lack beeinflusst nicht nur die Optik, sondern auch den Wert Ihres Fahrzeugs. Wir entfernen vorhandene Kratzer und unterziehen Ihren Fahrzeuglack zur Auffrischung einer Hochglanzpolitur. Anschlie\u00dfend versiegeln wir ihn zum Schutz vor \u00e4u\u00dferen Einfl\u00fcssen mit Wachs. Damit Sie bei Dunkelheit freie Sicht haben, polieren wir auch die Scheinwerfer.<\/p>\n<\/div><\/div>\n\n\n\n<div class=\"wp-block-media-text alignfull has-media-on-the-right is-stacked-on-mobile\"><div class=\"wp-block-media-text__content\">\n<h2 class=\"wp-block-heading\">Effiziente Abwicklung<\/h2>\n\n\n\n<p>Unsere Mitarbeiter arbeiten schnell und pr\u00e4zise nach den Vorgaben ihrer Kunden. Bei den Polituren und Versiegelungen greifen wir ausschlie\u00dflich auf hochwertige Produkte mit einem langanhaltenden Effekt zur\u00fcck. Unser Team ist bestens im Umgang mit den Autopolituren geschult und bringt sie fachgerecht an Ihrem Fahrzeug an.<\/p>\n<\/div><figure class=\"wp-block-media-text__media\"><img loading=\"lazy\" decoding=\"async\" width=\"683\" height=\"1024\" src=\"https:\/\/nifty-ritchie.176-9-136-151.plesk.page\/wp-content\/uploads\/2024\/09\/DSC01270-min-1-683x1024.jpg\" alt=\"\" class=\"wp-image-150 size-full\" srcset=\"https:\/\/nifty-ritchie.176-9-136-151.plesk.page\/wp-content\/uploads\/2024\/09\/DSC01270-min-1-683x1024.jpg 683w, https:\/\/nifty-ritchie.176-9-136-151.plesk.page\/wp-content\/uploads\/2024\/09\/DSC01270-min-1-200x300.jpg 200w, https:\/\/nifty-ritchie.176-9-136-151.plesk.page\/wp-content\/uploads\/2024\/09\/DSC01270-min-1-768x1152.jpg 768w, https:\/\/nifty-ritchie.176-9-136-151.plesk.page\/wp-content\/uploads\/2024\/09\/DSC01270-min-1-1024x1536.jpg 1024w, https:\/\/nifty-ritchie.176-9-136-151.plesk.page\/wp-content\/uploads\/2024\/09\/DSC01270-min-1.jpg 1365w\" sizes=\"auto, (max-width: 683px) 100vw, 683px\" \/><\/figure><\/div>\n","protected":false},"excerpt":{"rendered":"<p>Autopolitur vom Profi Ein gepflegter Lack beeinflusst nicht nur die Optik, sondern auch den Wert Ihres Fahrzeugs. Wir entfernen vorhandene Kratzer und unterziehen Ihren Fahrzeuglack zur Auffrischung einer Hochglanzpolitur. Anschlie\u00dfend versiegeln wir ihn zum Schutz vor \u00e4u\u00dferen Einfl\u00fcssen mit Wachs. Damit Sie bei Dunkelheit freie Sicht haben, polieren wir auch die Scheinwerfer. Effiziente Abwicklung Unsere [&hellip;]<\/p>\n","protected":false},"author":1,"featured_media":125,"parent":0,"menu_order":0,"comment_status":"closed","ping_status":"closed","template":"page-no-title","meta":{"footnotes":""},"class_list":["post-122","page","type-page","status-publish","has-post-thumbnail","hentry"],"_links":{"self":[{"href":"https:\/\/nifty-ritchie.176-9-136-151.plesk.page\/index.php?rest_route=\/wp\/v2\/pages\/122","targetHints":{"allow":["GET"]}}],"collection":[{"href":"https:\/\/nifty-ritchie.176-9-136-151.plesk.page\/index.php?rest_route=\/wp\/v2\/pages"}],"about":[{"href":"https:\/\/nifty-ritchie.176-9-136-151.plesk.page\/index.php?rest_route=\/wp\/v2\/types\/page"}],"author":[{"embeddable":true,"href":"https:\/\/nifty-ritchie.176-9-136-151.plesk.page\/index.php?rest_route=\/wp\/v2\/users\/1"}],"replies":[{"embeddable":true,"href":"https:\/\/nifty-ritchie.176-9-136-151.plesk.page\/index.php?rest_route=%2Fwp%2Fv2%2Fcomments&post=122"}],"version-history":[{"count":2,"href":"https:\/\/nifty-ritchie.176-9-136-151.plesk.page\/index.php?rest_route=\/wp\/v2\/pages\/122\/revisions"}],"predecessor-version":[{"id":151,"href":"https:\/\/nifty-ritchie.176-9-136-151.plesk.page\/index.php?rest_route=\/wp\/v2\/pages\/122\/revisions\/151"}],"wp:featuredmedia":[{"embeddable":true,"href":"https:\/\/nifty-ritchie.176-9-136-151.plesk.page\/index.php?rest_route=\/wp\/v2\/media\/125"}],"wp:attachment":[{"href":"https:\/\/nifty-ritchie.176-9-136-151.plesk.page\/index.php?rest_route=%2Fwp%2Fv2%2Fmedia&parent=122"}],"curies":[{"name":"wp","href":"https:\/\/api.w.org\/{rel}","templated":true}]}}